actor of 80446 and 17784.
38
What is the highest common divisor of 6026522 and 221062?
2066
What is the highest common factor of 16772 and 18631296?
2396
Calculate the highest common divisor of 100 and 25656700.
100
What is the highest common divisor of 1545447 and 24?
3
Calculate the highest common factor of 18011576 and 3872.
968
What is the highest common divisor of 2491 and 13810433?
47
Calculate the highest common factor of 3296531 and 7.
7
Calculate the highest common divisor of 192 and 52527.
3
What is the greatest common divisor of 242897 and 920899?
293
What is the greatest common divisor of 857659 and 1804?
11
What is the highest common factor of 2278265 and 1955?
115
What is the highest common divisor of 6076 and 225545677?
1519
What is the highest common factor of 1310 and 11495905?
655
What is the highest common divisor of 3060 and 1680280?
340
What is the greatest common divisor of 498800 and 2871712?
688
Calculate the greatest common factor of 1681 and 16277.
41
What is the greatest common factor of 4726 and 2944026?
34
Calculate the greatest common factor of 40 and 109155170.
10
Calculate the greatest common factor of 10023 and 15041.
13
Calculate the highest common factor of 299065 and 398008.
559
Calculate the highest common divisor of 134480 and 502880.
80
Calculate the greatest common factor of 415140 and 7907196.
4884
Calculate the greatest common factor of 5250 and 21450450.
1050
Calculate the greatest common factor of 22554 and 8101898.
2506
Calculate the highest common factor of 38016 and 39666.
66
Calculate the highest common factor of 304662 and 372.
6
Calculate the highest common factor of 9340 and 1093790.
10
Calculate the greatest common factor of 6664 and 175279384.
952
Calculate the highest common divisor of 3848 and 250320984.
296
What is the greatest common factor of 17314852 and 1919?
19
What is the greatest common factor of 2290 and 857137840?
2290
What is the highest common factor of 9800345 and 458715?
2885
Calculate the highest common factor of 13189474 and 106.
106
What is the greatest common divisor of 32969552 and 23408?
1232
What is the greatest common factor of 7874 and 4506098?
62
What is the greatest common factor of 27703768 and 24?
8
Calculate the greatest common factor of 455661 and 3366927.
1773
Calculate the highest common factor of 295 and 14237585.
295
Calculate the greatest common divisor of 1210 and 27677782.
242
Calculate the greatest common divisor of 61992 and 115087.
287
What is the greatest common divisor of 448 and 243790708?
28
What is the greatest common factor of 269983555 and 452?
113
What is the highest common divisor of 65618 and 23808652?
1526
Calculate the highest common factor of 153880083 and 7434.
3717
Calculate the greatest common factor of 37366 and 74546269.
1099
Calculate the highest common factor of 2270827 and 3.
1
What is the greatest common divisor of 2907 and 36558755?
323
Calculate the greatest common divisor of 5265 and 1314027.
117
What is the highest common divisor of 59516484 and 1164?
1164
What is the highest common factor of 8013551 and 823?
823
Calculate the highest common factor of 30891337 and 2701.
2701
What is the highest common divisor of 22 and 6518039?
11
Calculate the greatest common factor of 18 and 97663194.
18
Calculate the highest common divisor of 157399564 and 196.
196
Calculate the greatest common factor of 30536902 and 330.
22
What is the highest common divisor of 7374447 and 5338?
2669
What is the highest common divisor of 2080 and 8125?
65
What is the highest common factor of 659456 and 46851?
161
Calculate the highest common factor of 5929 and 125846413.
847
Calculate the highest common divisor of 3688245 and 585.
45
What is the highest common divisor of 728643 and 1968?
3
Calculate the highest common divisor of 4209 and 69980237.
1403
Calculate the greatest common divisor of 6044670 and 36.
18
Calculate the greatest common divisor of 124 and 2170201872.
124
What is the greatest common divisor of 7112443 and 884?
221
What is the greatest common divisor of 1922 and 28448638?
62
What is the greatest common factor of 350 and 50510920?
10
Calculate the highest common factor of 20948939 and 583.
583
Calculate the greatest common divisor of 90418694 and 48175.
1927
What is the greatest common divisor of 199245725 and 350?
175
What is the highest common factor of 1110831 and 68?
17
Calculate the highest common divisor of 10073 and 293.
1
Calculate the greatest common divisor of 260 and 80976220.
260
Calculate the greatest common factor of 17750 and 25312625.
125
Calculate the highest common factor of 17783115 and 23387.
1799
Calculate the highest common divisor of 624054 and 298.
2
Calculate the greatest common factor of 166703 and 53.
1
Calculate the greatest common divisor of 1580958 and 1841198.
6506
What is the highest common divisor of 1358901 and 45?
9
Calculate the highest common factor of 15041 and 112357427.
1157
What is the greatest common divisor of 162 and 27268893?
81
What is the greatest common divisor of 6670 and 218662610?
6670
What is the highest common divisor of 477 and 49329909?
477
Calculate the greatest common divisor of 24684737 and 704781.
8701
What is the greatest common factor of 67578 and 102984?
42
What is the highest common divisor of 130911 and 55?
11
Calculate the greatest common divisor of 17646776 and 644.
28
What is the highest common divisor of 4532 and 45980539?
1133
What is the greatest common factor of 1518 and 396336?
138
What is the greatest common factor of 66088728 and 2712?
2712
What is the greatest common factor of 26235734 and 1519?
217
Calculate the greatest common factor of 281 and 155209.
1
Calculate the greatest common factor of 39 and 61393722.
39
Calculate the greatest common divisor of 1063892206 and 26.
26
What is the highest common factor of 42 and 55356834?
6
What is the greatest common factor of 11815515 and 1251?
9
What is the greatest common factor of 362 and 11896225?
181
What is the highest common factor of 174 and 455206?
2
Calculate the greatest common divisor of 10413 and 472774497.
3471
What is the greatest common factor of 4778 and 40448159?
2389
What is the highest common factor of 20086 and 845790?
242
Calculate the highest common divisor of 55 and 52817930.
55
Calculate the greatest common factor of 1851602 and 316.
158
What is the highest common divisor of 245 and 235583915?
245
Calculate the greatest common factor of 114824 and 11160.
248
Calculate the highest common divisor of 7267400 and 130670.
1790
What is the greatest common factor of 3704730 and 90?
30
What is the highest common divisor of 902 and 847924?
22
Calculate the greatest common divisor of 59073135 and 547305.
5115
What is the greatest common factor of 559 and 928519124?
559
Calculate the greatest common factor of 56072 and 7221764.
172
What is the highest common divisor of 2340 and 9512100?
2340
Calculate the greatest common divisor of 20308041 and 234.
117
What is the highest common factor of 328057 and 244409?
1307
Calculate the highest common factor of 31306393 and 1.
1
Calculate the highest common divisor of 74 and 139164622.
74
Calculate the greatest common factor of 2148 and 228.
12
Calculate the greatest common divisor of 919980 and 20.
20
What is the highest common divisor of 263550 and 1350?
150
What is the greatest common divisor of 2810030 and 67583?
3557
Calculate the greatest common factor of 1197852 and 51900.
2076
Calculate the greatest common divisor of 5840 and 54673204.
292
What is the highest common divisor of 60745068 and 11223?
387
Calculate the greatest common factor of 249177313 and 1309.
1309
What is the greatest common factor of 3649765 and 4655?
245
Calculate the highest common divisor of 181780 and 1076.
4
Calculate the greatest common factor of 4920 and 145394610.
1230
Calculate the highest common factor of 63195 and 4335540.
165
Calculate the highest common divisor of 41514241 and 1381.
1381
Calculate the greatest common factor of 860 and 5505900.
20
Calculate the highest common divisor of 201619 and 77.
11
What is the highest common divisor of 1935592 and 2504?
2504
Calculate the highest common factor of 907467 and 79413.
771
Calculate the greatest common divisor of 26874 and 